13*j**2 - 2*j + 9. Let k(a) = 6*a**2 - a + 4. Let r(o) = -7*k(o) + 3*q(o). Let c be r(1). Let b be 2/c + 4/6. Give l(b).
-2
Let f(b) = b + 12. Let m be f(-5). Let k(g) = -g**2 + 5*g. Determine k(m).
-14
Let f(n) = 2*n**3 + 11*n**2 - 13*n + 11. Let w(o) = -3*o**3 - 22*o**2 + 25*o - 20. Let p(y) = -5*f(y) - 3*w(y). Give p(10).
5
Let k(d) = -d**3 + 3*d + 3. Let f be (5 + 1)*(-5)/10. Give k(f).
21
Suppose 9*l - 30*l + 126 = 0. Let g(b) = -b**3 + 7*b**2 - 7*b + 7. What is g(l)?
1
Let u(p) = -p**3 + 4*p**2 - 3*p + 1. Suppose -5*b + 29 = -3*t, 2*t = 3*t - 5*b + 23. Let c be (t - -6 - 1) + 2/2. What is u(c)?
1
Let a be -1*3 + (6 - (-20)/(-10)). Let t(g) = 21*g**3 - 2*g**2 + 1. Give t(a).
20
Let q(k) = k**3 - 11*k**2 + k - 7. Suppose -4*i = -3*m - 50, -13*i + 11*i - 5*m + 12 = 0. Calculate q(i).
4
Let k(m) be the third derivative of m**6/120 - m**5/5 + m**4/2 - 5*m**3/6 - 462*m**2. Let a be 22/(-3)*(-9)/6. What is k(a)?
6
Suppose 0 = 2*s - 3*s + 4*y + 24, -5*y - 21 = s. Suppose 0 = -s*i + 19 + 1. Let l(x) = 5*x - 3. Let n(h) = h + 1. Let f(w) = l(w) - 4*n(w). Determine f(i).
-2
Let t = 53 + -53. Let a be (-32)/(-2) + 1 + -2. Let g be t + 1 + -10 + a. Let o(p) = -p**3 + 5*p**2 + 6*p - 5. Give o(g).
-5
Let d be ((-2)/(-7) - 1288/392) + -2. Let c(h) be the second derivative of h**4/12 + h**3 + h**2/2 - 3*h. Give c(d).
-4
Let i(p) = p + 15. Let t be 1 + (-8)/7 - 2695/343. Calculate i(t).
7
Suppose 3*z - 4*z = -4. Suppose -5*p + 8*b + 5 = 3*b, 12 = -z*b. Let t be 0 - (-1)/p*2. Let o(a) = -4*a**3 + a**2. Determine o(t).
5
Let k be (8/(-20) + (-9)/315)*7. Let p(u) = -1. Let y(z) = -z - 5. Let l(g) = 4*p(g) - y(g). Determine l(k).
-2
Suppose 26 = -6*n + 38. Let c(k) = 1 + 1 - 3*k - 2*k**2 + 5*k. What is c(n)?
-2
Let b(d) = d. Let q(u) = u**3 - 6*u**2 - 6*u + 6. Let g be q(6). Let j be g/25*(3 - -2). Determine b(j).
-6
Suppose -4*f = 5*u + 8, -f - 3*u - 9 = -0*u. Let p(j) = -j**2 - 4*j. Let r be p(-3). Let o(a) = -4*a - 5*a**r + 1 + 0*a**3 + 4*a**2 + 4*a**3. Calculate o(f).
-2
Let k(n) = 5*n - 31. Suppose 0 = -2*c + 2, -5*f + 8*c + 31 = 4*c. Determine k(f).
4
Let d = 11 - 5. Let h = d - 2. Let i(q) = 3*q + h + 0 - 6*q**2 + 3*q + 5*q**2. Calculate i(5).
9
Let t(y) be the second derivative of -y**5/20 + 5*y**4/6 - 5*y**3/2 - 5*y**2/2 + 23*y + 1. Give t(8).
3
Let w(h) = -20*h + 201. Let z be w(10). Let j(u) = 16*u**2 + u. What is j(z)?
17
Suppose -k + 50*k = -637. Let s(h) = h**2 + 10*h + 5. What is s(k)?
44
Let y(h) be the third derivative of h**5/60 - h**4/12 - 5*h**3/6 + 191*h**2. Determine y(0).
-5
Suppose -3 - 9 = -6*c. Let l(n) be the second derivative of -n**4/24 - n**3/3 + n**2 + 2*n. Let h(o) be the first derivative of l(o). What is h(c)?
-4
Suppose 4*m + 15 = 3*p - 77, 4*p + m = 110. Let i = -30 + p. Let h(s) = 2*s**2 + s + 2. Give h(i).
8
Let i(l) be the second derivative of l**7/840 + l**6/40 - l**5/120 - l**4/12 - 7*l**3/6 - 11*l. Let k(n) be the second derivative of i(n). Calculate k(-9).
7
Let g = -1344 + 1353. Let b(q) = -q**3 + 8*q**2 + 9*q - 2. Determine b(g).
-2
Let x(p) = -p**3 + 4*p**2 + 3*p + 7. Suppose -7*f + 4*f - 6 = 0. Let a be (17 - 19)/(f/45). Let y be 28/(-21)*a/(-12). Give x(y).
-3
Let p be (0 + (-36)/16)*-4 - 1. Let j(l) = -9*l - 9*l + 25*l - 6*l + p. Let m be -2 - (-2 + 1) - -1. Calculate j(m).
8
Let u(o) = -o - 3. Suppose 0 = -6*j - 0 + 144. Let w be 4 + (3 - 26) - 2. Let q = j + w. Calculate u(q).
-6
Let i(y) = 5 + 0*y**2 - 3*y**2 - y**3 - 6 - 2*y**2 - 4*y. Let x = 13 - 8. Suppose 0 = t + x - 1. Determine i(t).
-1
Let c(n) be the second derivative of -7*n**3/3 - 5*n**2/2 + 9*n. Determine c(-1).
9
Let a(g) = -3*g + 250*g**3 - 4*g**2 - 500*g**3 + 251*g**3 - 1. Give a(-2).
-19
Let b(t) = t + 8. Let q(p) = 4 + 9 - 3*p**2 - 9*p + 4*p**3 + 3*p**3 - 6*p**3. Let o be q(4). Determine b(o).
1
Let u(d) = -6 - 3 - 4*d**2 + 3*d**2 + 11*d**2 - 11*d**2 - 9*d. Determine u(-6).
9
Suppose -t + 0*t = -1. Let n = -45 + 50. Let d(b) = 2*b**2 + 4*b - n*b + 0*b**2. Give d(t).
1
Let b(n) = 2*n**3 + 9*n**2 + 21*n - 49. Let r(y) = -y**3 - 5*y**2 - 9*y + 24. Let f(d) = -4*b(d) - 9*r(d). What is f(-9)?
7
Let o(f) be the second derivative of 17*f**4/12 - f**2/2 - 14*f. Give o(1).
16
Let h(j) = -156*j + 6*j**2 + 319*j + j**3 - 158*j - 1. Give h(-4).
11
Let y(g) be the third derivative of -g**5/20 + 23*g**4/24 + 5*g**3/6 - 175*g**2. Calculate y(8).
-3
Let y(g) = -g**3 + 3*g**2 + 2*g + 3. Let d be y(4). Let r(q) = q + 3. Let f(o) = o + 2. Let p(c) = 5*f(c) - 2*r(c). Determine p(d).
-11
Let v(y) = y**3 - 3*y**2 + 2*y - 1. Suppose -b + 3*b + 58 = 0. Let u = 18 + b. Let r = u - -13. Determine v(r).
-1
Let i(b) = -40*b + 3. Let v(a) = a**2 + 123*a - 5. Let y(g) = 3*i(g) + v(g). Let q(r) = -r + 1. Let t be q(1). Let h = t - 5. Give y(h).
14
Let o(v) = -v**3 - 48*v**2 - 44*v + 132. Let a be o(-47). Let f(h) = -h**2 - 10*h - 17. Determine f(a).
-8
Let a(g) be the third derivative of 2/3*g**3 - 1/6*g**4 - 18*g**2 + 0*g + 0. Determine a(7).
-24
Let k(u) = 13*u**2 - 7*u + 7. Let r(z) = -11*z**2 + 6*z - 7. Let o(s) = -5*k(s) - 6*r(s). Determine o(0).
7
Let o(z) = -z**2 + 6*z - 3. Suppose -2*c + 8 + 20 = 0. Let h = -17 + c. Let n be ((-32)/(-12))/(-2)*h. What is o(n)?
5
Let t(i) = -4*i - 111. Let u(n) = 148*n + 564. Let b be u(-4). Calculate t(b).
1
Let b(a) = a. Let t(r) = r + 1. Let h(y) = -4*b(y) + t(y). Let u(x) = 13*x - 3. Let w(p) = -9*h(p) - 2*u(p). What is w(9)?
6
Let j(g) = -2*g - 4. Suppose 0 = 5*d + 2*u - 40, 0 = d - u + 3*u - 16. Let q = d + -4. Suppose 18 = 4*c - 2, -5*x - q*c = 15. Give j(x).
6
Let z(t) = 2*t**3 - 11*t**2 + 6*t - 1. Let i be z(5). Let c(u) = -2*u + 2*u - i*u - 2*u. What is c(2)?
-12
Suppose -g - 3*g - 8 = -n, n = -4*g - 16. Let p be n + (2 - -1) - 5. Let x(l) = -l**2 - 6*l - 2. What is x(p)?
-2
Suppose -6*p = 4 + 2. Let l(z) = 19*z**3 - 2*z - 1. Calculate l(p).
-18
Let f be (-54)/7 + 2/(-7). Let j(o) be the third derivative of -o**4/24 - 13*o**3/6 - 16*o**2 + 162. Calculate j(f).
-5
Let y(w) be the third derivative of w**4/24 - w**3/2 - 2*w**2 + 12*w. Calculate y(-2).
-5
Let f(u) be the third derivative of -u**6/120 + u**5/30 - u**4/24 - 2*u**3/3 + 75*u**2. Give f(3).
-16
Let s be ((-1)/3)/(-1*1/6). Let z(x) = 3 - 3*x**2 + 4*x**s - 425*x + 417*x - 14. Calculate z(9).
-2
Let s be 21/2*(-80)/(-6). Suppose s*v - 9 = 141*v. Let m(o) = 4 + 9*o**2 + 0 - o**3 + 2*o**3. What is m(v)?
4
Let x(f) be the second derivative of f**8/3360 - f**6/360 - f**5/120 - 5*f**4/12 - 3*f. Let w(g) be the third derivative of x(g). Give w(-1).
-1
Suppose -4*v + 48 = -3*g, 0 = 4*v - 4*g - 0*g - 48. Let w(q) = q - 8. Let c be w(v). Let t(m) = 7*m. Let x(y) = 13*y. Let j(h) = -11*t(h) + 6*x(h). Give j(c).
4
Let s(j) be the third derivative of 0*j - 1/6*j**3 + 0 + 1/24*j**4 - 1/60*j**5 + 3*j**2. Let c be (-2)/(-2)*(-3 - -1). Calculate s(c).
-7
Suppose -3*i + 1 + 2 = 0. Let o(s) be the third derivative of 2*s**6/15 - s**4/12 + s**3/6 + 73*s**2. Calculate o(i).
15
Suppose -5*v + 2*a = -1, -3*v + 3 = -2*a - 0*a. Let b be v*3 + ((-4)/(-1))/1. Let x(s) = -s**2 + s. Give x(b).
0
Let f(p) = -p**3 - 9*p**2 - 7*p + 11. Let n(h) = h**2 - 8*h - 1. Let d be n(7). Let t be f(d). Let a(w) = -w**3 + 3*w**2 + w - 1. Give a(t).
2
Let y(n) = 77*n**3 + 6*n - 30*n**3 - 38*n**3 - 5*n. What is y(1)?
10
Let n(a) = -5*a + 3*a - a - 3. Let j = -10 + 13. Suppose -j = -2*z + 3. Calculate n(z).
-12
Let j(d) = d - 1 - 4*d**3 + 2 + d**2 - 4*d**3. Suppose -6*x + 20 = -x - y, 35 = 5*x - 4*y. Let n(w) = -w**3 + 4*w**2 - 2*w - 4. Let u be n(x). What is j(u)?
9
Let w(p) = p**3 + p**2 + p. Let j(r) = -3*r**3 - 9*r**2 + 3*r - 7. Let c(d) = -j(d) - 2*w(d). Determine c(-8).
-17
Let r(f) be the first derivative of -f**4/4 + f**3 + f**2 - 3*f + 253. Give r(4).
-11
Let m(i) be the first derivative of i**4/24 - 2*i**3/3 + 5*i**2/2 - 9. Let z(j) be the second derivative of m(j). Calculate z(3).
-1
Let a be (-2*48/(-64))/(6/(-52)). Let w(j) = -j**3 - 12*j**2 + 13*j + 1. Calculate w(a).
1
Let w(q) = q**3 + 19*q**2 + 61*q + 16. Let r be w(-15). Let a(y) = -y**3 + y**2 - 3*y + 1. What is a(r)?
-2
Let d(b) = 2*b**2 + 3*b - 3. Let v be d(-3). Let g be (v/(-4))/(36/336). Let k = 12 + g. Let a(t) = t**2 + 6*t + 3. Give a(k).
-5
Suppose 91*i = 9*i - 4*i. Let t(o) = -o**3 + o - 20. Determine t(i).
-20
Let a(w) = w**2 - 18